{"id":3050,"date":"2021-12-24T17:47:13","date_gmt":"2021-12-24T16:47:13","guid":{"rendered":"https:\/\/dpms-media.fr\/la-grange-milou\/mentions-legales\/"},"modified":"2023-02-17T12:33:28","modified_gmt":"2023-02-17T11:33:28","slug":"mentions-legales","status":"publish","type":"page","link":"https:\/\/grange-milou.beynacrentals.com\/en\/mentions-legales\/","title":{"rendered":"Mentions l\u00e9gales"},"content":{"rendered":"\n<style type=\"text\/css\" data-created_by=\"avia_inline_auto\" id=\"style-css-av-kxkmno0u-55e28dab06f2bc84218d4e6e08964f90\">\n#top .av-special-heading.av-kxkmno0u-55e28dab06f2bc84218d4e6e08964f90{\npadding-bottom:10px;\n}\nbody .av-special-heading.av-kxkmno0u-55e28dab06f2bc84218d4e6e08964f90 .av-special-heading-tag .heading-char{\nfont-size:25px;\n}\n.av-special-heading.av-kxkmno0u-55e28dab06f2bc84218d4e6e08964f90 .av-subheading{\nfont-size:15px;\n}\n<\/style>\n<div  class='av-special-heading av-kxkmno0u-55e28dab06f2bc84218d4e6e08964f90 av-special-heading-h1  avia-builder-el-0  el_before_av_textblock  avia-builder-el-first '><h1 class='av-special-heading-tag '  itemprop=\"headline\"  >Mentions l\u00e9gales<\/h1><div class=\"special-heading-border\"><div class=\"special-heading-inner-border\"><\/div><\/div><\/div>\n<section  class='av_textblock_section av-k24j1a6d-f6b1e953caf7f80a3f7fbcdd2717f8e8 '   itemscope=\"itemscope\" itemtype=\"https:\/\/schema.org\/CreativeWork\" ><div class='avia_textblock'  itemprop=\"text\" ><p><b>1. Editeur du site<\/b><\/p>\n<p>Le site est \u00e9dit\u00e9 par la Soci\u00e9t\u00e9 Beynac Borgh\u00e8se,<\/p>\n<p>Si\u00e8ge social Boite num\u00e9ro 3. 27 rue du G\u00e9n\u00e9ral Foy. 75008 Paris, immatricul\u00e9e sous le num\u00e9ro RCS n\u00b0 529 984 031.<\/p>\n<p>Num\u00e9ro TVA Intracommunautaire : FR79529984031<\/p>\n<p>T\u00e9l\u00e9phone : +33 (0)146240736<\/p>\n<p>Mail : reservations@beynacrentals.com<\/p>\n<p>Directeur de la publication : Marguerite Rossillon<\/p>\n<p><b>2. H\u00e9bergeur<\/b><\/p>\n<p>Le site est h\u00e9berg\u00e9 par la Soci\u00e9t\u00e9 GANDI SAS en France,<\/p>\n<p>Si\u00e8ge social au\u00a063-65 boulevard Massena \u00e0 Paris (75013) France, immatricul\u00e9e sous le num\u00e9ro 423 093 459 RCS.<\/p>\n<p>T\u00e9l\u00e9phone : +33. (0) 1 70 37 76 61<\/p>\n<p>T\u00e9l\u00e9copie +33. (0) 1 43 73 18 51<\/p>\n<\/div><\/section>\n","protected":false},"excerpt":{"rendered":"","protected":false},"author":18,"featured_media":0,"parent":0,"menu_order":0,"comment_status":"closed","ping_status":"closed","template":"","meta":{"footnotes":""},"class_list":["post-3050","page","type-page","status-publish","hentry"],"yoast_head":"<!-- This site is optimized with the Yoast SEO plugin v27.5 - https:\/\/yoast.com\/product\/yoast-seo-wordpress\/ -->\n<title>Mentions l\u00e9gales - G\u00eete La Grange Milou - Le P\u00e9rigord noir<\/title>\n<meta name=\"robots\" content=\"index, follow, max-snippet:-1, max-image-preview:large, max-video-preview:-1\" \/>\n<link rel=\"canonical\" href=\"https:\/\/grange-milou.beynacrentals.com\/en\/mentions-legales\/\" \/>\n<meta property=\"og:locale\" content=\"en_US\" \/>\n<meta property=\"og:type\" content=\"article\" \/>\n<meta property=\"og:title\" content=\"Mentions l\u00e9gales - G\u00eete La Grange Milou - Le P\u00e9rigord noir\" \/>\n<meta property=\"og:url\" content=\"https:\/\/grange-milou.beynacrentals.com\/en\/mentions-legales\/\" \/>\n<meta property=\"og:site_name\" content=\"G\u00eete La Grange Milou - Le P\u00e9rigord noir\" \/>\n<meta property=\"article:modified_time\" content=\"2023-02-17T11:33:28+00:00\" \/>\n<meta name=\"twitter:card\" content=\"summary_large_image\" \/>\n<script type=\"application\/ld+json\" class=\"yoast-schema-graph\">{\"@context\":\"https:\\\/\\\/schema.org\",\"@graph\":[{\"@type\":\"WebPage\",\"@id\":\"https:\\\/\\\/grange-milou.beynacrentals.com\\\/en\\\/mentions-legales\\\/\",\"url\":\"https:\\\/\\\/grange-milou.beynacrentals.com\\\/en\\\/mentions-legales\\\/\",\"name\":\"Mentions l\u00e9gales - G\u00eete La Grange Milou - Le P\u00e9rigord noir\",\"isPartOf\":{\"@id\":\"https:\\\/\\\/grange-milou.beynacrentals.com\\\/en\\\/#website\"},\"datePublished\":\"2021-12-24T16:47:13+00:00\",\"dateModified\":\"2023-02-17T11:33:28+00:00\",\"breadcrumb\":{\"@id\":\"https:\\\/\\\/grange-milou.beynacrentals.com\\\/en\\\/mentions-legales\\\/#breadcrumb\"},\"inLanguage\":\"en-US\",\"potentialAction\":[{\"@type\":\"ReadAction\",\"target\":[\"https:\\\/\\\/grange-milou.beynacrentals.com\\\/en\\\/mentions-legales\\\/\"]}]},{\"@type\":\"BreadcrumbList\",\"@id\":\"https:\\\/\\\/grange-milou.beynacrentals.com\\\/en\\\/mentions-legales\\\/#breadcrumb\",\"itemListElement\":[{\"@type\":\"ListItem\",\"position\":1,\"name\":\"Accueil\",\"item\":\"https:\\\/\\\/grange-milou.beynacrentals.com\\\/en\\\/\"},{\"@type\":\"ListItem\",\"position\":2,\"name\":\"Mentions l\u00e9gales\"}]},{\"@type\":\"WebSite\",\"@id\":\"https:\\\/\\\/grange-milou.beynacrentals.com\\\/en\\\/#website\",\"url\":\"https:\\\/\\\/grange-milou.beynacrentals.com\\\/en\\\/\",\"name\":\"G\u00eete La Grange Milou - Le P\u00e9rigord noir\",\"description\":\"La Grange Milou - g\u00eete de charme en Aquitaine - Beynac Rentals\",\"potentialAction\":[{\"@type\":\"SearchAction\",\"target\":{\"@type\":\"EntryPoint\",\"urlTemplate\":\"https:\\\/\\\/grange-milou.beynacrentals.com\\\/en\\\/?s={search_term_string}\"},\"query-input\":{\"@type\":\"PropertyValueSpecification\",\"valueRequired\":true,\"valueName\":\"search_term_string\"}}],\"inLanguage\":\"en-US\"}]}<\/script>\n<!-- \/ Yoast SEO plugin. -->","yoast_head_json":{"title":"Mentions l\u00e9gales - G\u00eete La Grange Milou - Le P\u00e9rigord noir","robots":{"index":"index","follow":"follow","max-snippet":"max-snippet:-1","max-image-preview":"max-image-preview:large","max-video-preview":"max-video-preview:-1"},"canonical":"https:\/\/grange-milou.beynacrentals.com\/en\/mentions-legales\/","og_locale":"en_US","og_type":"article","og_title":"Mentions l\u00e9gales - G\u00eete La Grange Milou - Le P\u00e9rigord noir","og_url":"https:\/\/grange-milou.beynacrentals.com\/en\/mentions-legales\/","og_site_name":"G\u00eete La Grange Milou - Le P\u00e9rigord noir","article_modified_time":"2023-02-17T11:33:28+00:00","twitter_card":"summary_large_image","schema":{"@context":"https:\/\/schema.org","@graph":[{"@type":"WebPage","@id":"https:\/\/grange-milou.beynacrentals.com\/en\/mentions-legales\/","url":"https:\/\/grange-milou.beynacrentals.com\/en\/mentions-legales\/","name":"Mentions l\u00e9gales - G\u00eete La Grange Milou - Le P\u00e9rigord noir","isPartOf":{"@id":"https:\/\/grange-milou.beynacrentals.com\/en\/#website"},"datePublished":"2021-12-24T16:47:13+00:00","dateModified":"2023-02-17T11:33:28+00:00","breadcrumb":{"@id":"https:\/\/grange-milou.beynacrentals.com\/en\/mentions-legales\/#breadcrumb"},"inLanguage":"en-US","potentialAction":[{"@type":"ReadAction","target":["https:\/\/grange-milou.beynacrentals.com\/en\/mentions-legales\/"]}]},{"@type":"BreadcrumbList","@id":"https:\/\/grange-milou.beynacrentals.com\/en\/mentions-legales\/#breadcrumb","itemListElement":[{"@type":"ListItem","position":1,"name":"Accueil","item":"https:\/\/grange-milou.beynacrentals.com\/en\/"},{"@type":"ListItem","position":2,"name":"Mentions l\u00e9gales"}]},{"@type":"WebSite","@id":"https:\/\/grange-milou.beynacrentals.com\/en\/#website","url":"https:\/\/grange-milou.beynacrentals.com\/en\/","name":"G\u00eete La Grange Milou - Le P\u00e9rigord noir","description":"La Grange Milou - g\u00eete de charme en Aquitaine - Beynac Rentals","potentialAction":[{"@type":"SearchAction","target":{"@type":"EntryPoint","urlTemplate":"https:\/\/grange-milou.beynacrentals.com\/en\/?s={search_term_string}"},"query-input":{"@type":"PropertyValueSpecification","valueRequired":true,"valueName":"search_term_string"}}],"inLanguage":"en-US"}]}},"_links":{"self":[{"href":"https:\/\/grange-milou.beynacrentals.com\/en\/wp-json\/wp\/v2\/pages\/3050","targetHints":{"allow":["GET"]}}],"collection":[{"href":"https:\/\/grange-milou.beynacrentals.com\/en\/wp-json\/wp\/v2\/pages"}],"about":[{"href":"https:\/\/grange-milou.beynacrentals.com\/en\/wp-json\/wp\/v2\/types\/page"}],"author":[{"embeddable":true,"href":"https:\/\/grange-milou.beynacrentals.com\/en\/wp-json\/wp\/v2\/users\/18"}],"replies":[{"embeddable":true,"href":"https:\/\/grange-milou.beynacrentals.com\/en\/wp-json\/wp\/v2\/comments?post=3050"}],"version-history":[{"count":3,"href":"https:\/\/grange-milou.beynacrentals.com\/en\/wp-json\/wp\/v2\/pages\/3050\/revisions"}],"predecessor-version":[{"id":3070,"href":"https:\/\/grange-milou.beynacrentals.com\/en\/wp-json\/wp\/v2\/pages\/3050\/revisions\/3070"}],"wp:attachment":[{"href":"https:\/\/grange-milou.beynacrentals.com\/en\/wp-json\/wp\/v2\/media?parent=3050"}],"curies":[{"name":"wp","href":"https:\/\/api.w.org\/{rel}","templated":true}]}}

Mentions légales

<style type="text/css" data-created_by="avia_inline_auto" id="style-css-av-kxkmno0u-55e28dab06f2bc84218d4e6e08964f90">
#top .av-special-heading.av-kxkmno0u-55e28dab06f2bc84218d4e6e08964f90{
padding-bottom:10px;
}
body .av-special-heading.av-kxkmno0u-55e28dab06f2bc84218d4e6e08964f90 .av-special-heading-tag .heading-char{
font-size:25px;
}
.av-special-heading.av-kxkmno0u-55e28dab06f2bc84218d4e6e08964f90 .av-subheading{
font-size:15px;
}
</style>
<div  class='av-special-heading av-kxkmno0u-55e28dab06f2bc84218d4e6e08964f90 av-special-heading-h1  avia-builder-el-0  el_before_av_textblock  avia-builder-el-first '><h1 class='av-special-heading-tag '  itemprop="headline"  >Mentions légales</h1><div class="special-heading-border"><div class="special-heading-inner-border"></div></div></div>
<section  class='av_textblock_section av-k24j1a6d-f6b1e953caf7f80a3f7fbcdd2717f8e8 '   itemscope="itemscope" itemtype="https://schema.org/CreativeWork" ><div class='avia_textblock'  itemprop="text" ><p><b>1. Editeur du site</b></p>
<p>Le site est édité par la Société Beynac Borghèse,</p>
<p>Siège social Boite numéro 3. 27 rue du Général Foy. 75008 Paris, immatriculée sous le numéro RCS n° 529 984 031.</p>
<p>Numéro TVA Intracommunautaire : FR79529984031</p>
<p>Téléphone : +33 (0)146240736</p>
<p>Mail : reservations@beynacrentals.com</p>
<p>Directeur de la publication : Marguerite Rossillon</p>
<p><b>2. Hébergeur</b></p>
<p>Le site est hébergé par la Société GANDI SAS en France,</p>
<p>Siège social au 63-65 boulevard Massena à Paris (75013) France, immatriculée sous le numéro 423 093 459 RCS.</p>
<p>Téléphone : +33. (0) 1 70 37 76 61</p>
<p>Télécopie +33. (0) 1 43 73 18 51</p>
</div></section>

<!-- This site is optimized with the Yoast SEO plugin v27.5 - https://yoast.com/product/yoast-seo-wordpress/ -->
<title>Mentions légales - Gîte La Grange Milou - Le Périgord noir</title>
<meta name="robots" content="index, follow, max-snippet:-1, max-image-preview:large, max-video-preview:-1" />
<link rel="canonical" href="https://grange-milou.beynacrentals.com/en/mentions-legales/" />
<meta property="og:locale" content="en_US" />
<meta property="og:type" content="article" />
<meta property="og:title" content="Mentions légales - Gîte La Grange Milou - Le Périgord noir" />
<meta property="og:url" content="https://grange-milou.beynacrentals.com/en/mentions-legales/" />
<meta property="og:site_name" content="Gîte La Grange Milou - Le Périgord noir" />
<meta property="article:modified_time" content="2023-02-17T11:33:28+00:00" />
<meta name="twitter:card" content="summary_large_image" />
<script type="application/ld+json" class="yoast-schema-graph">{"@context":"https:\/\/schema.org","@graph":[{"@type":"WebPage","@id":"https:\/\/grange-milou.beynacrentals.com\/en\/mentions-legales\/","url":"https:\/\/grange-milou.beynacrentals.com\/en\/mentions-legales\/","name":"Mentions légales - Gîte La Grange Milou - Le Périgord noir","isPartOf":{"@id":"https:\/\/grange-milou.beynacrentals.com\/en\/#website"},"datePublished":"2021-12-24T16:47:13+00:00","dateModified":"2023-02-17T11:33:28+00:00","breadcrumb":{"@id":"https:\/\/grange-milou.beynacrentals.com\/en\/mentions-legales\/#breadcrumb"},"inLanguage":"en-US","potentialAction":[{"@type":"ReadAction","target":["https:\/\/grange-milou.beynacrentals.com\/en\/mentions-legales\/"]}]},{"@type":"BreadcrumbList","@id":"https:\/\/grange-milou.beynacrentals.com\/en\/mentions-legales\/#breadcrumb","itemListElement":[{"@type":"ListItem","position":1,"name":"Accueil","item":"https:\/\/grange-milou.beynacrentals.com\/en\/"},{"@type":"ListItem","position":2,"name":"Mentions légales"}]},{"@type":"WebSite","@id":"https:\/\/grange-milou.beynacrentals.com\/en\/#website","url":"https:\/\/grange-milou.beynacrentals.com\/en\/","name":"Gîte La Grange Milou - Le Périgord noir","description":"La Grange Milou - gîte de charme en Aquitaine - Beynac Rentals","potentialAction":[{"@type":"SearchAction","target":{"@type":"EntryPoint","urlTemplate":"https:\/\/grange-milou.beynacrentals.com\/en\/?s={search_term_string}"},"query-input":{"@type":"PropertyValueSpecification","valueRequired":true,"valueName":"search_term_string"}}],"inLanguage":"en-US"}]}</script>
<!-- / Yoast SEO plugin. -->

Mentions légales - Gîte La Grange Milou - Le Périgord noir

Gîte La Grange Milou - Le Périgord noir

La Grange Milou - gîte de charme en Aquitaine - Beynac Rentals
