{"id":2997,"date":"2017-03-08T16:26:47","date_gmt":"2017-03-08T16:26:47","guid":{"rendered":"https:\/\/dpms-media.fr\/la-grange-milou\/carte-1\/"},"modified":"2017-03-08T16:26:47","modified_gmt":"2017-03-08T16:26:47","slug":"carte-1","status":"publish","type":"portfolio","link":"https:\/\/grange-milou.beynacrentals.com\/en\/carte-1\/","title":{"rendered":"Carte 1"},"content":{"rendered":"","protected":false},"excerpt":{"rendered":"","protected":false},"author":2,"featured_media":3092,"comment_status":"open","ping_status":"closed","template":"","meta":{"footnotes":""},"tags":[],"portfolio_entries":[32],"class_list":["post-2997","portfolio","type-portfolio","status-publish","has-post-thumbnail","hentry","portfolio_entries-presentation-en"],"yoast_head":"<!-- This site is optimized with the Yoast SEO plugin v27.5 - https:\/\/yoast.com\/product\/yoast-seo-wordpress\/ -->\n<title>Carte 1 - G\u00eete La Grange Milou - Le P\u00e9rigord noir<\/title>\n<meta name=\"robots\" content=\"index, follow, max-snippet:-1, max-image-preview:large, max-video-preview:-1\" \/>\n<link rel=\"canonical\" href=\"https:\/\/grange-milou.beynacrentals.com\/en\/carte-1\/\" \/>\n<meta property=\"og:locale\" content=\"en_US\" \/>\n<meta property=\"og:type\" content=\"article\" \/>\n<meta property=\"og:title\" content=\"Carte 1 - G\u00eete La Grange Milou - Le P\u00e9rigord noir\" \/>\n<meta property=\"og:url\" content=\"https:\/\/grange-milou.beynacrentals.com\/en\/carte-1\/\" \/>\n<meta property=\"og:site_name\" content=\"G\u00eete La Grange Milou - Le P\u00e9rigord noir\" \/>\n<meta property=\"og:image\" content=\"https:\/\/dpms-media.fr\/la-grange-milou\/wp-content\/uploads\/sites\/50\/2017\/03\/Untitled-2-1.png\" \/>\n\t<meta property=\"og:image:width\" content=\"1200\" \/>\n\t<meta property=\"og:image:height\" content=\"940\" \/>\n\t<meta property=\"og:image:type\" content=\"image\/png\" \/>\n<meta name=\"twitter:card\" content=\"summary_large_image\" \/>\n<script type=\"application\/ld+json\" class=\"yoast-schema-graph\">{\"@context\":\"https:\\\/\\\/schema.org\",\"@graph\":[{\"@type\":\"WebPage\",\"@id\":\"https:\\\/\\\/grange-milou.beynacrentals.com\\\/en\\\/carte-1\\\/\",\"url\":\"https:\\\/\\\/grange-milou.beynacrentals.com\\\/en\\\/carte-1\\\/\",\"name\":\"Carte 1 - G\u00eete La Grange Milou - Le P\u00e9rigord noir\",\"isPartOf\":{\"@id\":\"https:\\\/\\\/grange-milou.beynacrentals.com\\\/en\\\/#website\"},\"primaryImageOfPage\":{\"@id\":\"https:\\\/\\\/grange-milou.beynacrentals.com\\\/en\\\/carte-1\\\/#primaryimage\"},\"image\":{\"@id\":\"https:\\\/\\\/grange-milou.beynacrentals.com\\\/en\\\/carte-1\\\/#primaryimage\"},\"thumbnailUrl\":\"https:\\\/\\\/dpms-media.fr\\\/la-grange-milou\\\/wp-content\\\/uploads\\\/sites\\\/50\\\/2017\\\/03\\\/Untitled-2-1.png\",\"datePublished\":\"2017-03-08T16:26:47+00:00\",\"breadcrumb\":{\"@id\":\"https:\\\/\\\/grange-milou.beynacrentals.com\\\/en\\\/carte-1\\\/#breadcrumb\"},\"inLanguage\":\"en-US\",\"potentialAction\":[{\"@type\":\"ReadAction\",\"target\":[\"https:\\\/\\\/grange-milou.beynacrentals.com\\\/en\\\/carte-1\\\/\"]}]},{\"@type\":\"ImageObject\",\"inLanguage\":\"en-US\",\"@id\":\"https:\\\/\\\/grange-milou.beynacrentals.com\\\/en\\\/carte-1\\\/#primaryimage\",\"url\":\"https:\\\/\\\/dpms-media.fr\\\/la-grange-milou\\\/wp-content\\\/uploads\\\/sites\\\/50\\\/2017\\\/03\\\/Untitled-2-1.png\",\"contentUrl\":\"https:\\\/\\\/dpms-media.fr\\\/la-grange-milou\\\/wp-content\\\/uploads\\\/sites\\\/50\\\/2017\\\/03\\\/Untitled-2-1.png\",\"width\":1200,\"height\":940,\"caption\":\"Carte\"},{\"@type\":\"BreadcrumbList\",\"@id\":\"https:\\\/\\\/grange-milou.beynacrentals.com\\\/en\\\/carte-1\\\/#breadcrumb\",\"itemListElement\":[{\"@type\":\"ListItem\",\"position\":1,\"name\":\"Accueil\",\"item\":\"https:\\\/\\\/grange-milou.beynacrentals.com\\\/en\\\/\"},{\"@type\":\"ListItem\",\"position\":2,\"name\":\"Carte 1\"}]},{\"@type\":\"WebSite\",\"@id\":\"https:\\\/\\\/grange-milou.beynacrentals.com\\\/en\\\/#website\",\"url\":\"https:\\\/\\\/grange-milou.beynacrentals.com\\\/en\\\/\",\"name\":\"G\u00eete La Grange Milou - Le P\u00e9rigord noir\",\"description\":\"La Grange Milou - g\u00eete de charme en Aquitaine - Beynac Rentals\",\"potentialAction\":[{\"@type\":\"SearchAction\",\"target\":{\"@type\":\"EntryPoint\",\"urlTemplate\":\"https:\\\/\\\/grange-milou.beynacrentals.com\\\/en\\\/?s={search_term_string}\"},\"query-input\":{\"@type\":\"PropertyValueSpecification\",\"valueRequired\":true,\"valueName\":\"search_term_string\"}}],\"inLanguage\":\"en-US\"}]}<\/script>\n<!-- \/ Yoast SEO plugin. -->","yoast_head_json":{"title":"Carte 1 - G\u00eete La Grange Milou - Le P\u00e9rigord noir","robots":{"index":"index","follow":"follow","max-snippet":"max-snippet:-1","max-image-preview":"max-image-preview:large","max-video-preview":"max-video-preview:-1"},"canonical":"https:\/\/grange-milou.beynacrentals.com\/en\/carte-1\/","og_locale":"en_US","og_type":"article","og_title":"Carte 1 - G\u00eete La Grange Milou - Le P\u00e9rigord noir","og_url":"https:\/\/grange-milou.beynacrentals.com\/en\/carte-1\/","og_site_name":"G\u00eete La Grange Milou - Le P\u00e9rigord noir","og_image":[{"width":1200,"height":940,"url":"https:\/\/dpms-media.fr\/la-grange-milou\/wp-content\/uploads\/sites\/50\/2017\/03\/Untitled-2-1.png","type":"image\/png"}],"twitter_card":"summary_large_image","schema":{"@context":"https:\/\/schema.org","@graph":[{"@type":"WebPage","@id":"https:\/\/grange-milou.beynacrentals.com\/en\/carte-1\/","url":"https:\/\/grange-milou.beynacrentals.com\/en\/carte-1\/","name":"Carte 1 - G\u00eete La Grange Milou - Le P\u00e9rigord noir","isPartOf":{"@id":"https:\/\/grange-milou.beynacrentals.com\/en\/#website"},"primaryImageOfPage":{"@id":"https:\/\/grange-milou.beynacrentals.com\/en\/carte-1\/#primaryimage"},"image":{"@id":"https:\/\/grange-milou.beynacrentals.com\/en\/carte-1\/#primaryimage"},"thumbnailUrl":"https:\/\/dpms-media.fr\/la-grange-milou\/wp-content\/uploads\/sites\/50\/2017\/03\/Untitled-2-1.png","datePublished":"2017-03-08T16:26:47+00:00","breadcrumb":{"@id":"https:\/\/grange-milou.beynacrentals.com\/en\/carte-1\/#breadcrumb"},"inLanguage":"en-US","potentialAction":[{"@type":"ReadAction","target":["https:\/\/grange-milou.beynacrentals.com\/en\/carte-1\/"]}]},{"@type":"ImageObject","inLanguage":"en-US","@id":"https:\/\/grange-milou.beynacrentals.com\/en\/carte-1\/#primaryimage","url":"https:\/\/dpms-media.fr\/la-grange-milou\/wp-content\/uploads\/sites\/50\/2017\/03\/Untitled-2-1.png","contentUrl":"https:\/\/dpms-media.fr\/la-grange-milou\/wp-content\/uploads\/sites\/50\/2017\/03\/Untitled-2-1.png","width":1200,"height":940,"caption":"Carte"},{"@type":"BreadcrumbList","@id":"https:\/\/grange-milou.beynacrentals.com\/en\/carte-1\/#breadcrumb","itemListElement":[{"@type":"ListItem","position":1,"name":"Accueil","item":"https:\/\/grange-milou.beynacrentals.com\/en\/"},{"@type":"ListItem","position":2,"name":"Carte 1"}]},{"@type":"WebSite","@id":"https:\/\/grange-milou.beynacrentals.com\/en\/#website","url":"https:\/\/grange-milou.beynacrentals.com\/en\/","name":"G\u00eete La Grange Milou - Le P\u00e9rigord noir","description":"La Grange Milou - g\u00eete de charme en Aquitaine - Beynac Rentals","potentialAction":[{"@type":"SearchAction","target":{"@type":"EntryPoint","urlTemplate":"https:\/\/grange-milou.beynacrentals.com\/en\/?s={search_term_string}"},"query-input":{"@type":"PropertyValueSpecification","valueRequired":true,"valueName":"search_term_string"}}],"inLanguage":"en-US"}]}},"_links":{"self":[{"href":"https:\/\/grange-milou.beynacrentals.com\/en\/wp-json\/wp\/v2\/portfolio\/2997","targetHints":{"allow":["GET"]}}],"collection":[{"href":"https:\/\/grange-milou.beynacrentals.com\/en\/wp-json\/wp\/v2\/portfolio"}],"about":[{"href":"https:\/\/grange-milou.beynacrentals.com\/en\/wp-json\/wp\/v2\/types\/portfolio"}],"author":[{"embeddable":true,"href":"https:\/\/grange-milou.beynacrentals.com\/en\/wp-json\/wp\/v2\/users\/2"}],"replies":[{"embeddable":true,"href":"https:\/\/grange-milou.beynacrentals.com\/en\/wp-json\/wp\/v2\/comments?post=2997"}],"version-history":[{"count":1,"href":"https:\/\/grange-milou.beynacrentals.com\/en\/wp-json\/wp\/v2\/portfolio\/2997\/revisions"}],"predecessor-version":[{"id":3028,"href":"https:\/\/grange-milou.beynacrentals.com\/en\/wp-json\/wp\/v2\/portfolio\/2997\/revisions\/3028"}],"wp:featuredmedia":[{"embeddable":true,"href":"https:\/\/grange-milou.beynacrentals.com\/en\/wp-json\/wp\/v2\/media\/3092"}],"wp:attachment":[{"href":"https:\/\/grange-milou.beynacrentals.com\/en\/wp-json\/wp\/v2\/media?parent=2997"}],"wp:term":[{"taxonomy":"post_tag","embeddable":true,"href":"https:\/\/grange-milou.beynacrentals.com\/en\/wp-json\/wp\/v2\/tags?post=2997"},{"taxonomy":"portfolio_entries","embeddable":true,"href":"https:\/\/grange-milou.beynacrentals.com\/en\/wp-json\/wp\/v2\/portfolio_entries?post=2997"}],"curies":[{"name":"wp","href":"https:\/\/api.w.org\/{rel}","templated":true}]}}

<!-- This site is optimized with the Yoast SEO plugin v27.5 - https://yoast.com/product/yoast-seo-wordpress/ -->
<title>Carte 1 - Gîte La Grange Milou - Le Périgord noir</title>
<meta name="robots" content="index, follow, max-snippet:-1, max-image-preview:large, max-video-preview:-1" />
<link rel="canonical" href="https://grange-milou.beynacrentals.com/en/carte-1/" />
<meta property="og:locale" content="en_US" />
<meta property="og:type" content="article" />
<meta property="og:title" content="Carte 1 - Gîte La Grange Milou - Le Périgord noir" />
<meta property="og:url" content="https://grange-milou.beynacrentals.com/en/carte-1/" />
<meta property="og:site_name" content="Gîte La Grange Milou - Le Périgord noir" />
<meta property="og:image" content="https://dpms-media.fr/la-grange-milou/wp-content/uploads/sites/50/2017/03/Untitled-2-1.png" />
	<meta property="og:image:width" content="1200" />
	<meta property="og:image:height" content="940" />
	<meta property="og:image:type" content="image/png" />
<meta name="twitter:card" content="summary_large_image" />
<script type="application/ld+json" class="yoast-schema-graph">{"@context":"https:\/\/schema.org","@graph":[{"@type":"WebPage","@id":"https:\/\/grange-milou.beynacrentals.com\/en\/carte-1\/","url":"https:\/\/grange-milou.beynacrentals.com\/en\/carte-1\/","name":"Carte 1 - Gîte La Grange Milou - Le Périgord noir","isPartOf":{"@id":"https:\/\/grange-milou.beynacrentals.com\/en\/#website"},"primaryImageOfPage":{"@id":"https:\/\/grange-milou.beynacrentals.com\/en\/carte-1\/#primaryimage"},"image":{"@id":"https:\/\/grange-milou.beynacrentals.com\/en\/carte-1\/#primaryimage"},"thumbnailUrl":"https:\/\/dpms-media.fr\/la-grange-milou\/wp-content\/uploads\/sites\/50\/2017\/03\/Untitled-2-1.png","datePublished":"2017-03-08T16:26:47+00:00","breadcrumb":{"@id":"https:\/\/grange-milou.beynacrentals.com\/en\/carte-1\/#breadcrumb"},"inLanguage":"en-US","potentialAction":[{"@type":"ReadAction","target":["https:\/\/grange-milou.beynacrentals.com\/en\/carte-1\/"]}]},{"@type":"ImageObject","inLanguage":"en-US","@id":"https:\/\/grange-milou.beynacrentals.com\/en\/carte-1\/#primaryimage","url":"https:\/\/dpms-media.fr\/la-grange-milou\/wp-content\/uploads\/sites\/50\/2017\/03\/Untitled-2-1.png","contentUrl":"https:\/\/dpms-media.fr\/la-grange-milou\/wp-content\/uploads\/sites\/50\/2017\/03\/Untitled-2-1.png","width":1200,"height":940,"caption":"Carte"},{"@type":"BreadcrumbList","@id":"https:\/\/grange-milou.beynacrentals.com\/en\/carte-1\/#breadcrumb","itemListElement":[{"@type":"ListItem","position":1,"name":"Accueil","item":"https:\/\/grange-milou.beynacrentals.com\/en\/"},{"@type":"ListItem","position":2,"name":"Carte 1"}]},{"@type":"WebSite","@id":"https:\/\/grange-milou.beynacrentals.com\/en\/#website","url":"https:\/\/grange-milou.beynacrentals.com\/en\/","name":"Gîte La Grange Milou - Le Périgord noir","description":"La Grange Milou - gîte de charme en Aquitaine - Beynac Rentals","potentialAction":[{"@type":"SearchAction","target":{"@type":"EntryPoint","urlTemplate":"https:\/\/grange-milou.beynacrentals.com\/en\/?s={search_term_string}"},"query-input":{"@type":"PropertyValueSpecification","valueRequired":true,"valueName":"search_term_string"}}],"inLanguage":"en-US"}]}</script>
<!-- / Yoast SEO plugin. -->

Carte 1 - Gîte La Grange Milou - Le Périgord noir

Gîte La Grange Milou - Le Périgord noir

La Grange Milou - gîte de charme en Aquitaine - Beynac Rentals
