{"id":2998,"date":"2017-03-08T16:19:43","date_gmt":"2017-03-08T16:19:43","guid":{"rendered":"https:\/\/dpms-media.fr\/la-grange-milou\/exterieur-2\/"},"modified":"2017-03-08T16:19:43","modified_gmt":"2017-03-08T16:19:43","slug":"exterieur-2","status":"publish","type":"portfolio","link":"https:\/\/grange-milou.beynacrentals.com\/en\/exterieur-2\/","title":{"rendered":"Ext\u00e9rieur 2"},"content":{"rendered":"","protected":false},"excerpt":{"rendered":"","protected":false},"author":2,"featured_media":3099,"comment_status":"open","ping_status":"closed","template":"","meta":{"footnotes":""},"tags":[30],"portfolio_entries":[32],"class_list":["post-2998","portfolio","type-portfolio","status-publish","has-post-thumbnail","hentry","tag-landscape-en","portfolio_entries-presentation-en"],"yoast_head":"<!-- This site is optimized with the Yoast SEO plugin v27.5 - https:\/\/yoast.com\/product\/yoast-seo-wordpress\/ -->\n<title>Ext\u00e9rieur 2 - G\u00eete La Grange Milou - Le P\u00e9rigord noir<\/title>\n<meta name=\"robots\" content=\"index, follow, max-snippet:-1, max-image-preview:large, max-video-preview:-1\" \/>\n<link rel=\"canonical\" href=\"https:\/\/grange-milou.beynacrentals.com\/en\/exterieur-2\/\" \/>\n<meta property=\"og:locale\" content=\"en_US\" \/>\n<meta property=\"og:type\" content=\"article\" \/>\n<meta property=\"og:title\" content=\"Ext\u00e9rieur 2 - G\u00eete La Grange Milou - Le P\u00e9rigord noir\" \/>\n<meta property=\"og:url\" content=\"https:\/\/grange-milou.beynacrentals.com\/en\/exterieur-2\/\" \/>\n<meta property=\"og:site_name\" content=\"G\u00eete La Grange Milou - Le P\u00e9rigord noir\" \/>\n<meta property=\"og:image\" content=\"https:\/\/dpms-media.fr\/la-grange-milou\/wp-content\/uploads\/sites\/50\/2017\/03\/Screen-Shot-2023-03-23-at-2.21.59-PM.png\" \/>\n\t<meta property=\"og:image:width\" content=\"1600\" \/>\n\t<meta property=\"og:image:height\" content=\"670\" \/>\n\t<meta property=\"og:image:type\" content=\"image\/png\" \/>\n<meta name=\"twitter:card\" content=\"summary_large_image\" \/>\n<script type=\"application\/ld+json\" class=\"yoast-schema-graph\">{\"@context\":\"https:\\\/\\\/schema.org\",\"@graph\":[{\"@type\":\"WebPage\",\"@id\":\"https:\\\/\\\/grange-milou.beynacrentals.com\\\/en\\\/exterieur-2\\\/\",\"url\":\"https:\\\/\\\/grange-milou.beynacrentals.com\\\/en\\\/exterieur-2\\\/\",\"name\":\"Ext\u00e9rieur 2 - G\u00eete La Grange Milou - Le P\u00e9rigord noir\",\"isPartOf\":{\"@id\":\"https:\\\/\\\/grange-milou.beynacrentals.com\\\/en\\\/#website\"},\"primaryImageOfPage\":{\"@id\":\"https:\\\/\\\/grange-milou.beynacrentals.com\\\/en\\\/exterieur-2\\\/#primaryimage\"},\"image\":{\"@id\":\"https:\\\/\\\/grange-milou.beynacrentals.com\\\/en\\\/exterieur-2\\\/#primaryimage\"},\"thumbnailUrl\":\"https:\\\/\\\/dpms-media.fr\\\/la-grange-milou\\\/wp-content\\\/uploads\\\/sites\\\/50\\\/2017\\\/03\\\/Screen-Shot-2023-03-23-at-2.21.59-PM.png\",\"datePublished\":\"2017-03-08T16:19:43+00:00\",\"breadcrumb\":{\"@id\":\"https:\\\/\\\/grange-milou.beynacrentals.com\\\/en\\\/exterieur-2\\\/#breadcrumb\"},\"inLanguage\":\"en-US\",\"potentialAction\":[{\"@type\":\"ReadAction\",\"target\":[\"https:\\\/\\\/grange-milou.beynacrentals.com\\\/en\\\/exterieur-2\\\/\"]}]},{\"@type\":\"ImageObject\",\"inLanguage\":\"en-US\",\"@id\":\"https:\\\/\\\/grange-milou.beynacrentals.com\\\/en\\\/exterieur-2\\\/#primaryimage\",\"url\":\"https:\\\/\\\/dpms-media.fr\\\/la-grange-milou\\\/wp-content\\\/uploads\\\/sites\\\/50\\\/2017\\\/03\\\/Screen-Shot-2023-03-23-at-2.21.59-PM.png\",\"contentUrl\":\"https:\\\/\\\/dpms-media.fr\\\/la-grange-milou\\\/wp-content\\\/uploads\\\/sites\\\/50\\\/2017\\\/03\\\/Screen-Shot-2023-03-23-at-2.21.59-PM.png\",\"width\":1600,\"height\":670},{\"@type\":\"BreadcrumbList\",\"@id\":\"https:\\\/\\\/grange-milou.beynacrentals.com\\\/en\\\/exterieur-2\\\/#breadcrumb\",\"itemListElement\":[{\"@type\":\"ListItem\",\"position\":1,\"name\":\"Accueil\",\"item\":\"https:\\\/\\\/grange-milou.beynacrentals.com\\\/en\\\/\"},{\"@type\":\"ListItem\",\"position\":2,\"name\":\"Ext\u00e9rieur 2\"}]},{\"@type\":\"WebSite\",\"@id\":\"https:\\\/\\\/grange-milou.beynacrentals.com\\\/en\\\/#website\",\"url\":\"https:\\\/\\\/grange-milou.beynacrentals.com\\\/en\\\/\",\"name\":\"G\u00eete La Grange Milou - Le P\u00e9rigord noir\",\"description\":\"La Grange Milou - g\u00eete de charme en Aquitaine - Beynac Rentals\",\"potentialAction\":[{\"@type\":\"SearchAction\",\"target\":{\"@type\":\"EntryPoint\",\"urlTemplate\":\"https:\\\/\\\/grange-milou.beynacrentals.com\\\/en\\\/?s={search_term_string}\"},\"query-input\":{\"@type\":\"PropertyValueSpecification\",\"valueRequired\":true,\"valueName\":\"search_term_string\"}}],\"inLanguage\":\"en-US\"}]}<\/script>\n<!-- \/ Yoast SEO plugin. -->","yoast_head_json":{"title":"Ext\u00e9rieur 2 - G\u00eete La Grange Milou - Le P\u00e9rigord noir","robots":{"index":"index","follow":"follow","max-snippet":"max-snippet:-1","max-image-preview":"max-image-preview:large","max-video-preview":"max-video-preview:-1"},"canonical":"https:\/\/grange-milou.beynacrentals.com\/en\/exterieur-2\/","og_locale":"en_US","og_type":"article","og_title":"Ext\u00e9rieur 2 - G\u00eete La Grange Milou - Le P\u00e9rigord noir","og_url":"https:\/\/grange-milou.beynacrentals.com\/en\/exterieur-2\/","og_site_name":"G\u00eete La Grange Milou - Le P\u00e9rigord noir","og_image":[{"width":1600,"height":670,"url":"https:\/\/dpms-media.fr\/la-grange-milou\/wp-content\/uploads\/sites\/50\/2017\/03\/Screen-Shot-2023-03-23-at-2.21.59-PM.png","type":"image\/png"}],"twitter_card":"summary_large_image","schema":{"@context":"https:\/\/schema.org","@graph":[{"@type":"WebPage","@id":"https:\/\/grange-milou.beynacrentals.com\/en\/exterieur-2\/","url":"https:\/\/grange-milou.beynacrentals.com\/en\/exterieur-2\/","name":"Ext\u00e9rieur 2 - G\u00eete La Grange Milou - Le P\u00e9rigord noir","isPartOf":{"@id":"https:\/\/grange-milou.beynacrentals.com\/en\/#website"},"primaryImageOfPage":{"@id":"https:\/\/grange-milou.beynacrentals.com\/en\/exterieur-2\/#primaryimage"},"image":{"@id":"https:\/\/grange-milou.beynacrentals.com\/en\/exterieur-2\/#primaryimage"},"thumbnailUrl":"https:\/\/dpms-media.fr\/la-grange-milou\/wp-content\/uploads\/sites\/50\/2017\/03\/Screen-Shot-2023-03-23-at-2.21.59-PM.png","datePublished":"2017-03-08T16:19:43+00:00","breadcrumb":{"@id":"https:\/\/grange-milou.beynacrentals.com\/en\/exterieur-2\/#breadcrumb"},"inLanguage":"en-US","potentialAction":[{"@type":"ReadAction","target":["https:\/\/grange-milou.beynacrentals.com\/en\/exterieur-2\/"]}]},{"@type":"ImageObject","inLanguage":"en-US","@id":"https:\/\/grange-milou.beynacrentals.com\/en\/exterieur-2\/#primaryimage","url":"https:\/\/dpms-media.fr\/la-grange-milou\/wp-content\/uploads\/sites\/50\/2017\/03\/Screen-Shot-2023-03-23-at-2.21.59-PM.png","contentUrl":"https:\/\/dpms-media.fr\/la-grange-milou\/wp-content\/uploads\/sites\/50\/2017\/03\/Screen-Shot-2023-03-23-at-2.21.59-PM.png","width":1600,"height":670},{"@type":"BreadcrumbList","@id":"https:\/\/grange-milou.beynacrentals.com\/en\/exterieur-2\/#breadcrumb","itemListElement":[{"@type":"ListItem","position":1,"name":"Accueil","item":"https:\/\/grange-milou.beynacrentals.com\/en\/"},{"@type":"ListItem","position":2,"name":"Ext\u00e9rieur 2"}]},{"@type":"WebSite","@id":"https:\/\/grange-milou.beynacrentals.com\/en\/#website","url":"https:\/\/grange-milou.beynacrentals.com\/en\/","name":"G\u00eete La Grange Milou - Le P\u00e9rigord noir","description":"La Grange Milou - g\u00eete de charme en Aquitaine - Beynac Rentals","potentialAction":[{"@type":"SearchAction","target":{"@type":"EntryPoint","urlTemplate":"https:\/\/grange-milou.beynacrentals.com\/en\/?s={search_term_string}"},"query-input":{"@type":"PropertyValueSpecification","valueRequired":true,"valueName":"search_term_string"}}],"inLanguage":"en-US"}]}},"_links":{"self":[{"href":"https:\/\/grange-milou.beynacrentals.com\/en\/wp-json\/wp\/v2\/portfolio\/2998","targetHints":{"allow":["GET"]}}],"collection":[{"href":"https:\/\/grange-milou.beynacrentals.com\/en\/wp-json\/wp\/v2\/portfolio"}],"about":[{"href":"https:\/\/grange-milou.beynacrentals.com\/en\/wp-json\/wp\/v2\/types\/portfolio"}],"author":[{"embeddable":true,"href":"https:\/\/grange-milou.beynacrentals.com\/en\/wp-json\/wp\/v2\/users\/2"}],"replies":[{"embeddable":true,"href":"https:\/\/grange-milou.beynacrentals.com\/en\/wp-json\/wp\/v2\/comments?post=2998"}],"version-history":[{"count":1,"href":"https:\/\/grange-milou.beynacrentals.com\/en\/wp-json\/wp\/v2\/portfolio\/2998\/revisions"}],"predecessor-version":[{"id":3030,"href":"https:\/\/grange-milou.beynacrentals.com\/en\/wp-json\/wp\/v2\/portfolio\/2998\/revisions\/3030"}],"wp:featuredmedia":[{"embeddable":true,"href":"https:\/\/grange-milou.beynacrentals.com\/en\/wp-json\/wp\/v2\/media\/3099"}],"wp:attachment":[{"href":"https:\/\/grange-milou.beynacrentals.com\/en\/wp-json\/wp\/v2\/media?parent=2998"}],"wp:term":[{"taxonomy":"post_tag","embeddable":true,"href":"https:\/\/grange-milou.beynacrentals.com\/en\/wp-json\/wp\/v2\/tags?post=2998"},{"taxonomy":"portfolio_entries","embeddable":true,"href":"https:\/\/grange-milou.beynacrentals.com\/en\/wp-json\/wp\/v2\/portfolio_entries?post=2998"}],"curies":[{"name":"wp","href":"https:\/\/api.w.org\/{rel}","templated":true}]}}

Extérieur 2

<!-- This site is optimized with the Yoast SEO plugin v27.5 - https://yoast.com/product/yoast-seo-wordpress/ -->
<title>Extérieur 2 - Gîte La Grange Milou - Le Périgord noir</title>
<meta name="robots" content="index, follow, max-snippet:-1, max-image-preview:large, max-video-preview:-1" />
<link rel="canonical" href="https://grange-milou.beynacrentals.com/en/exterieur-2/" />
<meta property="og:locale" content="en_US" />
<meta property="og:type" content="article" />
<meta property="og:title" content="Extérieur 2 - Gîte La Grange Milou - Le Périgord noir" />
<meta property="og:url" content="https://grange-milou.beynacrentals.com/en/exterieur-2/" />
<meta property="og:site_name" content="Gîte La Grange Milou - Le Périgord noir" />
<meta property="og:image" content="https://dpms-media.fr/la-grange-milou/wp-content/uploads/sites/50/2017/03/Screen-Shot-2023-03-23-at-2.21.59-PM.png" />
	<meta property="og:image:width" content="1600" />
	<meta property="og:image:height" content="670" />
	<meta property="og:image:type" content="image/png" />
<meta name="twitter:card" content="summary_large_image" />
<script type="application/ld+json" class="yoast-schema-graph">{"@context":"https:\/\/schema.org","@graph":[{"@type":"WebPage","@id":"https:\/\/grange-milou.beynacrentals.com\/en\/exterieur-2\/","url":"https:\/\/grange-milou.beynacrentals.com\/en\/exterieur-2\/","name":"Extérieur 2 - Gîte La Grange Milou - Le Périgord noir","isPartOf":{"@id":"https:\/\/grange-milou.beynacrentals.com\/en\/#website"},"primaryImageOfPage":{"@id":"https:\/\/grange-milou.beynacrentals.com\/en\/exterieur-2\/#primaryimage"},"image":{"@id":"https:\/\/grange-milou.beynacrentals.com\/en\/exterieur-2\/#primaryimage"},"thumbnailUrl":"https:\/\/dpms-media.fr\/la-grange-milou\/wp-content\/uploads\/sites\/50\/2017\/03\/Screen-Shot-2023-03-23-at-2.21.59-PM.png","datePublished":"2017-03-08T16:19:43+00:00","breadcrumb":{"@id":"https:\/\/grange-milou.beynacrentals.com\/en\/exterieur-2\/#breadcrumb"},"inLanguage":"en-US","potentialAction":[{"@type":"ReadAction","target":["https:\/\/grange-milou.beynacrentals.com\/en\/exterieur-2\/"]}]},{"@type":"ImageObject","inLanguage":"en-US","@id":"https:\/\/grange-milou.beynacrentals.com\/en\/exterieur-2\/#primaryimage","url":"https:\/\/dpms-media.fr\/la-grange-milou\/wp-content\/uploads\/sites\/50\/2017\/03\/Screen-Shot-2023-03-23-at-2.21.59-PM.png","contentUrl":"https:\/\/dpms-media.fr\/la-grange-milou\/wp-content\/uploads\/sites\/50\/2017\/03\/Screen-Shot-2023-03-23-at-2.21.59-PM.png","width":1600,"height":670},{"@type":"BreadcrumbList","@id":"https:\/\/grange-milou.beynacrentals.com\/en\/exterieur-2\/#breadcrumb","itemListElement":[{"@type":"ListItem","position":1,"name":"Accueil","item":"https:\/\/grange-milou.beynacrentals.com\/en\/"},{"@type":"ListItem","position":2,"name":"Extérieur 2"}]},{"@type":"WebSite","@id":"https:\/\/grange-milou.beynacrentals.com\/en\/#website","url":"https:\/\/grange-milou.beynacrentals.com\/en\/","name":"Gîte La Grange Milou - Le Périgord noir","description":"La Grange Milou - gîte de charme en Aquitaine - Beynac Rentals","potentialAction":[{"@type":"SearchAction","target":{"@type":"EntryPoint","urlTemplate":"https:\/\/grange-milou.beynacrentals.com\/en\/?s={search_term_string}"},"query-input":{"@type":"PropertyValueSpecification","valueRequired":true,"valueName":"search_term_string"}}],"inLanguage":"en-US"}]}</script>
<!-- / Yoast SEO plugin. -->

Extérieur 2 - Gîte La Grange Milou - Le Périgord noir

Gîte La Grange Milou - Le Périgord noir

La Grange Milou - gîte de charme en Aquitaine - Beynac Rentals
